r of 18 and o.
18
Let c(z) = -39*z + 223. Let x be c(5). Suppose 4*m + 37 = -0*o + 3*o, -2*o + 22 = -2*m. Calculate the greatest common factor of x and o.
7
Let a = 80 - 39. Suppose -5*v = a + 19. Let d be 4 - (-19 - v/(-4)). Calculate the highest common divisor of d and 104.
26
Let x be (36/(-6) + 7)/(1/4). Let h be 28 + (x/(-16) - 51/(-12)). Calculate the highest common factor of h and 32.
32
Suppose -3*r = 3*b - 63, -b + 5*b = 12. Suppose -10*f - 960 = -r*f. Calculate the greatest common factor of 80 and f.
40
Suppose -5*q - 18*q + 10005 = 0. Calculate the greatest common factor of 15 and q.
15
Let w(v) = 47*v + 167. Let c be w(23). Calculate the highest common divisor of 96 and c.
96
Suppose 4*i + i = 95. Let k = 438 - 229. Calculate the highest common divisor of k and i.
19
Let j(p) = 9*p**3 - 4*p**2 + 3*p + 2. Let f be j(2). Calculate the highest common divisor of f and 576.
64
Let c(f) = f**3 - 11*f**2 - 4*f + 26. Let g be c(0). Suppose 3*a - 2*a + 3*r = 69, -3*r = -a + 87. What is the highest common divisor of a and g?
26
Let s(p) = -p + 10. Let v be s(8). Suppose -16 = -v*o - 4. Suppose -10*j = 41 - 101. What is the highest common divisor of o and j?
6
Suppose 0 = 172*l - 174*l + 38. Let o = 107 + l. Suppose 5*w - 4*w = 18. What is the greatest common divisor of o and w?
18
Let t(p) = -262 + 268 - 16*p + 0*p. Let l be t(-2). What is the greatest common divisor of l and 418?
38
Let v = 19 + -8. Let z = v - 3. Let t be z + 1 + (-1 - -3). Calculate the greatest common divisor of t and 1.
1
Suppose 6*d - 22 = 62. What is the greatest common factor of 168 and d?
14
Let d(b) = 15*b + 5. Let m be d(-4). Let t = -45 - m. Calculate the greatest common divisor of 80 and t.
10
Let b(a) be the first derivative of a**2/2 + 5. Let h be b(4). Suppose 0*u = -h*u + 264. What is the highest common divisor of 22 and u?
22
Suppose 0 = -j - 5*d + 7, 14 = j + j - 4*d. Suppose 0 = -j*z + 81 - 11. Suppose z*k - 6*k = 68. Calculate the greatest common factor of k and 119.
17
Let x be 44/(-8)*1*-2. Let b(h) = -h**3 - h**2 + 2*h - 18. Let m be b(-4). Calculate the greatest common divisor of m and x.
11
Let c(m) = -m + 1. Let s(n) = -8*n - 8. Let x(b) = 5*c(b) - s(b). Let p be x(-3). Calculate the greatest common divisor of p and 2.
2
Suppose -5*n + 11 + 99 = 0. Suppose -188 = -2*m + 4*d, -6*d = -2*m - 8*d + 170. Calculate the greatest common divisor of n and m.
22
Let y be 2 + -15 - (-2 + 6). Let f(b) = b + 24. Let a be f(y). Suppose 450 = a*j - 2*j. Calculate the highest common divisor of j and 10.
10
Let q(h) = h - 12. Let n be q(11). Let z be (-2 + 3)/1*n. Let j be z - ((0 - 0) + -12). Calculate the greatest common divisor of j and 121.
11
Let h(n) = -4*n + 6. Let k be h(-3). Calculate the greatest common factor of 2718 and k.
18
Let j(v) = -209*v + 35. Let a be j(-7). Calculate the highest common divisor of a and 14.
14
Suppose 4*n + 4 - 12 = 0. Suppose n*d - d - 4 = 0. Let q(t) = t**2 + 5*t. Let o be q(-9). Calculate the highest common divisor of d and o.
4
Let t be (26/6)/((-4)/(-6) + -1). Let f be 1*-3*(1 + t). What is the greatest common divisor of f and 90?
18
Suppose 5*b - 12 = 2*b. Suppose -f + 0 + b = 0. Suppose 10*l - 9*l = 4. Calculate the greatest common factor of l and f.
4
Suppose -7*j = -20 - 8. Calculate the greatest common factor of 18 and j.
2
Let q be (42/9)/(9/162). Suppose 0 = -13*f + 6*f + q. Calculate the highest common divisor of f and 2.
2
Suppose 0 = t - 108 + 76. Calculate the highest common divisor of t and 80.
16
Let g be (512/160)/((-12)/(-45)). Let z(i) = i + 96. Let y be z(0). What is the highest common factor of y and g?
12
Let x = -10 - -26. Suppose -x - 11 = -3*c. Suppose -c = -2*k + 7. Calculate the highest common divisor of k and 32.
8
Let h(m) = -m**3 - 5*m**2 + 2*m + 12. Let r be h(-8). Suppose -5*c + 4*k + r = 0, -4*c - 3*k = -181 + 12. What is the highest common factor of c and 10?
10
Suppose 40 + 5 = c. Let a be 8/(c + -5) + 314/5. Calculate the greatest common factor of 21 and a.
21
Suppose -19*t + 189 + 1464 = 0. Suppose -4*g = 5 + 7, 2*s + 120 = -4*g. Let i = 83 + s. What is the greatest common divisor of i and t?
29
Let k = -32 - -16. Let w = k + 56. Calculate the greatest common factor of w and 20.
20
Suppose -2*h - 5*h = 49. Let x be -1 + (-2 - (2 + h)) + 14. Let y = 18 + -2. What is the highest common factor of y and x?
16
Let n be 0 - ((-56)/20 - (-1)/(-5)). Suppose 11*j = n*j + 56. What is the greatest common factor of j and 14?
7
Suppose 0 = -3*l + l + 522. Let m(j) = -14*j + 1. Let p(v) = -2*v - 16. Let k be p(-7). Let y be m(k). Calculate the greatest common divisor of y and l.
29
Suppose 0 = 2*t - 183 - 41. What is the highest common divisor of t and 42?
14
Suppose -2*a - 2*u + 5*u + 21 = 0, 2*u = 3*a - 19. Suppose -k = 2*r + k - 14, r = a*k - 9. Calculate the greatest common factor of 33 and r.
3
Let p be (-257)/(-5) + (-2 - (-78)/30). Let o = p + -39. What is the greatest common divisor of o and 104?
13
Suppose 0 = 6*w - 1313 + 23. Calculate the highest common divisor of 43 and w.
43
Let w(b) = b**2 - 25*b - 31. Let p be w(11). Let m = p + 265. What is the greatest common divisor of m and 16?
16
Suppose 2 = -l + 4. Suppose t - 9 - 5 = -2*w, -2*t + 34 = -l*w. Let d = t - 0. Calculate the greatest common factor of 4 and d.
4
Let d = -2689 + 2780. Calculate the greatest common factor of d and 21.
7
Let y(q) = 300*q**2 + 16*q - 32. Let t be y(2). Calculate the greatest common factor of t and 12.
12
Let j be (-596)/(-14) - (1222/(-91) - -14). Let i be 99/22 + (-3)/(-2). Calculate the highest common divisor of i and j.
6
Let p = 3 + -6. Let q be (-50)/((-6)/(-9)*p). Suppose 2*t = -0*t + 2*b + 12, -4*t = b - 19. What is the highest common divisor of t and q?
5
Let g be (2 - (-48 - 1)) + -5. What is the greatest common factor of 115 and g?
23
Let w = 33 - 11. Let h(v) = 99*v**3 - 2*v**2 - 4*v + 6. Let n be h(1). What is the highest common factor of n and w?
11
Let o = -187 + 217. Suppose 5*w = 3*u - 4*u + 100, 0 = -4*u - 4*w + 320. Calculate the highest common factor of u and o.
15
Suppose -235 = -2*b - 2*p + 5*p, p + 119 = b. Let u = -77 + b. Calculate the greatest common factor of u and 5.
5
Let k = 83 - 76. What is the greatest common divisor of 49 and k?
7
Let p(a) = a**3 + 3*a**2 + 2. Let g be p(-3). Let f be -1 + g + 0 - 1. Suppose -r - 2*r + 84 = f. What is the highest common factor of 4 and r?
4
Let g(u) = 17 - 45 + 7*u + 3*u + u. Let s be g(4). What is the highest common divisor of 56 and s?
8
Let x be (12/(-5))/((-1)/((-145)/(-2))). Calculate the highest common divisor of x and 18.
6
Suppose h = 4*o - 2*o + 12, -40 = -4*h + 4*o. Suppose h*r = -309 + 3381. What is the highest common divisor of r and 48?
48
Let h = -215 - -221. Calculate the greatest common factor of 10 and h.
2
Let q(d) = 16*d - 765. Let p be q(52). Calculate the greatest common divisor of p and 2479.
67
Suppose -11*g + 6*g + 3*a = -177, -g + 2*a = -41. Calculate the greatest common factor of 81 and g.
3
Let a(b) = 4*b - 28. Suppose 143 = 16*d - 3*d. Let g be a(d). Calculate the highest common divisor of 80 and g.
16
Suppose 2*u + 13 = 17*s - 12*s, -5*s + 25 = 0. What is the highest common factor of 582 and u?
6
Let w = 466 - 427. Suppose -2*c + 36 = -120. Calculate the greatest common divisor of c and w.
39
Let m(l) = 125*l + 31. Let f be m(5). What is the highest common factor of 16 and f?
16
Suppose -87 = 3*x - 4*r - 259, x = 3*r + 54. Let g be -2*20/(2/(-2)). Calculate the highest common divisor of g and x.
20
Let q be 2 + 8*(12 - 6 - 5). What is the highest common divisor of 115 and q?
5
Let a(x) = -x**2 + 11*x - 10. Suppose 4*z - 27 - 13 = 0. Let i be a(z). Let s = i - -19. Calculate the highest common divisor of 209 and s.
19
Suppose 3*w = y + 61, w - 31 = -3*y - 2*y. Let b = w + -8. Let f = 2 + b. Calculate the greatest common divisor of 10 and f.
5
Suppose -69 = 2*d - 77. Let z be (-12)/30 - 42/(-5). Suppose 44 - z = 3*m. What is the highest common factor of d and m?
4
Let o(u) = 3*u**3 + 48*u**2 - 6*u + 17. Let d be o(-12). Calculate the highest common factor of d and 23.
23
Let w(j) = 2*j - 4. Let a be w(3). Let r be a/4 + -4 + (-39)/(-6). Calculate the highest common factor of 4 and r.
1
Let c(k) = -k**3 + 13*k**2 + 2